{"id":60729,"date":"2025-01-30T14:21:05","date_gmt":"2025-01-30T19:21:05","guid":{"rendered":"https:\/\/cifar.ca\/?post_type=bio&#038;p=60729"},"modified":"2026-02-19T13:32:42","modified_gmt":"2026-02-19T18:32:42","slug":"ania-czupajlo","status":"publish","type":"bio","link":"https:\/\/cifar.ca\/fr\/biographie\/ania-czupajlo\/","title":{"rendered":"Ania Czupajlo"},"excerpt":{"rendered":"","protected":false},"author":64,"featured_media":64672,"template":"","appointment_program":[],"appointment_role":[],"staff_position":[6460],"staff_directory":[5290],"ai_strategy":[],"country":[],"institution":[],"class_list":["post-60729","bio","type-bio","status-publish","has-post-thumbnail","hentry","staff_position-gestionnaire-conception-et-numerique","staff_directory-communications-strategiques"],"acf":[],"yoast_head":"<!-- This site is optimized with the Yoast SEO plugin v27.2 - https:\/\/yoast.com\/product\/yoast-seo-wordpress\/ -->\n<title>CIFAR<\/title>\n<meta name=\"robots\" content=\"index, follow, max-snippet:-1, max-image-preview:large, max-video-preview:-1\" \/>\n<link rel=\"canonical\" href=\"https:\/\/cifar.ca\/fr\/biographie\/ania-czupajlo\/\" \/>\n<meta property=\"og:locale\" content=\"fr_FR\" \/>\n<meta property=\"og:type\" content=\"article\" \/>\n<meta property=\"og:title\" content=\"Ania Czupajlo - CIFAR\" \/>\n<meta property=\"og:url\" content=\"https:\/\/cifar.ca\/fr\/biographie\/ania-czupajlo\/\" \/>\n<meta property=\"og:site_name\" content=\"CIFAR\" \/>\n<meta property=\"article:modified_time\" content=\"2026-02-19T18:32:42+00:00\" \/>\n<meta property=\"og:image\" content=\"https:\/\/cifar.ca\/wp-content\/uploads\/2025\/01\/03COM_Ania-Czupajlo.png\" \/>\n\t<meta property=\"og:image:width\" content=\"900\" \/>\n\t<meta property=\"og:image:height\" content=\"900\" \/>\n\t<meta property=\"og:image:type\" content=\"image\/png\" \/>\n<meta name=\"twitter:card\" content=\"summary_large_image\" \/>\n<meta name=\"twitter:label1\" content=\"Dur\u00e9e de lecture estim\u00e9e\" \/>\n\t<meta name=\"twitter:data1\" content=\"1 minute\" \/>\n<script type=\"application\/ld+json\" class=\"yoast-schema-graph\">{\"@context\":\"https:\/\/schema.org\",\"@graph\":[{\"@type\":\"WebPage\",\"@id\":\"https:\/\/cifar.ca\/fr\/biographie\/ania-czupajlo\/\",\"url\":\"https:\/\/cifar.ca\/fr\/biographie\/ania-czupajlo\/\",\"name\":\"Ania Czupajlo - CIFAR\",\"isPartOf\":{\"@id\":\"https:\/\/cifar.ca\/fr\/#website\"},\"primaryImageOfPage\":{\"@id\":\"https:\/\/cifar.ca\/fr\/biographie\/ania-czupajlo\/#primaryimage\"},\"image\":{\"@id\":\"https:\/\/cifar.ca\/fr\/biographie\/ania-czupajlo\/#primaryimage\"},\"thumbnailUrl\":\"https:\/\/cifar.ca\/wp-content\/uploads\/2025\/01\/03COM_Ania-Czupajlo.png\",\"datePublished\":\"2025-01-30T19:21:05+00:00\",\"dateModified\":\"2026-02-19T18:32:42+00:00\",\"breadcrumb\":{\"@id\":\"https:\/\/cifar.ca\/fr\/biographie\/ania-czupajlo\/#breadcrumb\"},\"inLanguage\":\"fr-FR\",\"potentialAction\":[{\"@type\":\"ReadAction\",\"target\":[\"https:\/\/cifar.ca\/fr\/biographie\/ania-czupajlo\/\"]}]},{\"@type\":\"ImageObject\",\"inLanguage\":\"fr-FR\",\"@id\":\"https:\/\/cifar.ca\/fr\/biographie\/ania-czupajlo\/#primaryimage\",\"url\":\"https:\/\/cifar.ca\/wp-content\/uploads\/2025\/01\/03COM_Ania-Czupajlo.png\",\"contentUrl\":\"https:\/\/cifar.ca\/wp-content\/uploads\/2025\/01\/03COM_Ania-Czupajlo.png\",\"width\":900,\"height\":900},{\"@type\":\"BreadcrumbList\",\"@id\":\"https:\/\/cifar.ca\/fr\/biographie\/ania-czupajlo\/#breadcrumb\",\"itemListElement\":[{\"@type\":\"ListItem\",\"position\":1,\"name\":\"Acceuil\",\"item\":\"https:\/\/cifar.ca\/fr\/\"},{\"@type\":\"ListItem\",\"position\":2,\"name\":\"Ania Czupajlo\"}]},{\"@type\":\"WebSite\",\"@id\":\"https:\/\/cifar.ca\/fr\/#website\",\"url\":\"https:\/\/cifar.ca\/fr\/\",\"name\":\"CIFAR\",\"description\":\"Convoquer des esprits extraordinaires pour r\u00e9pondre aux questions les plus importantes auxquelles la science et l'humanit\u00e9 sont confront\u00e9es.\",\"publisher\":{\"@id\":\"https:\/\/cifar.ca\/fr\/#organization\"},\"potentialAction\":[{\"@type\":\"SearchAction\",\"target\":{\"@type\":\"EntryPoint\",\"urlTemplate\":\"https:\/\/cifar.ca\/fr\/?s={search_term_string}\"},\"query-input\":{\"@type\":\"PropertyValueSpecification\",\"valueRequired\":true,\"valueName\":\"search_term_string\"}}],\"inLanguage\":\"fr-FR\"},{\"@type\":\"Organization\",\"@id\":\"https:\/\/cifar.ca\/fr\/#organization\",\"name\":\"CIFAR\",\"url\":\"https:\/\/cifar.ca\/fr\/\",\"logo\":{\"@type\":\"ImageObject\",\"inLanguage\":\"fr-FR\",\"@id\":\"https:\/\/cifar.ca\/fr\/#\/schema\/logo\/image\/\",\"url\":\"https:\/\/cifar.ca\/wp-content\/uploads\/2020\/01\/cifar-logo-rgb-colour.png\",\"contentUrl\":\"https:\/\/cifar.ca\/wp-content\/uploads\/2020\/01\/cifar-logo-rgb-colour.png\",\"width\":1884,\"height\":681,\"caption\":\"CIFAR\"},\"image\":{\"@id\":\"https:\/\/cifar.ca\/fr\/#\/schema\/logo\/image\/\"}}]}<\/script>\n<!-- \/ Yoast SEO plugin. -->","yoast_head_json":{"title":"CIFAR","robots":{"index":"index","follow":"follow","max-snippet":"max-snippet:-1","max-image-preview":"max-image-preview:large","max-video-preview":"max-video-preview:-1"},"canonical":"https:\/\/cifar.ca\/fr\/biographie\/ania-czupajlo\/","og_locale":"fr_FR","og_type":"article","og_title":"Ania Czupajlo - CIFAR","og_url":"https:\/\/cifar.ca\/fr\/biographie\/ania-czupajlo\/","og_site_name":"CIFAR","article_modified_time":"2026-02-19T18:32:42+00:00","og_image":[{"width":900,"height":900,"url":"https:\/\/cifar.ca\/wp-content\/uploads\/2025\/01\/03COM_Ania-Czupajlo.png","type":"image\/png"}],"twitter_card":"summary_large_image","twitter_misc":{"Dur\u00e9e de lecture estim\u00e9e":"1 minute"},"schema":{"@context":"https:\/\/schema.org","@graph":[{"@type":"WebPage","@id":"https:\/\/cifar.ca\/fr\/biographie\/ania-czupajlo\/","url":"https:\/\/cifar.ca\/fr\/biographie\/ania-czupajlo\/","name":"Ania Czupajlo - CIFAR","isPartOf":{"@id":"https:\/\/cifar.ca\/fr\/#website"},"primaryImageOfPage":{"@id":"https:\/\/cifar.ca\/fr\/biographie\/ania-czupajlo\/#primaryimage"},"image":{"@id":"https:\/\/cifar.ca\/fr\/biographie\/ania-czupajlo\/#primaryimage"},"thumbnailUrl":"https:\/\/cifar.ca\/wp-content\/uploads\/2025\/01\/03COM_Ania-Czupajlo.png","datePublished":"2025-01-30T19:21:05+00:00","dateModified":"2026-02-19T18:32:42+00:00","breadcrumb":{"@id":"https:\/\/cifar.ca\/fr\/biographie\/ania-czupajlo\/#breadcrumb"},"inLanguage":"fr-FR","potentialAction":[{"@type":"ReadAction","target":["https:\/\/cifar.ca\/fr\/biographie\/ania-czupajlo\/"]}]},{"@type":"ImageObject","inLanguage":"fr-FR","@id":"https:\/\/cifar.ca\/fr\/biographie\/ania-czupajlo\/#primaryimage","url":"https:\/\/cifar.ca\/wp-content\/uploads\/2025\/01\/03COM_Ania-Czupajlo.png","contentUrl":"https:\/\/cifar.ca\/wp-content\/uploads\/2025\/01\/03COM_Ania-Czupajlo.png","width":900,"height":900},{"@type":"BreadcrumbList","@id":"https:\/\/cifar.ca\/fr\/biographie\/ania-czupajlo\/#breadcrumb","itemListElement":[{"@type":"ListItem","position":1,"name":"Acceuil","item":"https:\/\/cifar.ca\/fr\/"},{"@type":"ListItem","position":2,"name":"Ania Czupajlo"}]},{"@type":"WebSite","@id":"https:\/\/cifar.ca\/fr\/#website","url":"https:\/\/cifar.ca\/fr\/","name":"CIFAR","description":"Convoquer des esprits extraordinaires pour r\u00e9pondre aux questions les plus importantes auxquelles la science et l'humanit\u00e9 sont confront\u00e9es.","publisher":{"@id":"https:\/\/cifar.ca\/fr\/#organization"},"potentialAction":[{"@type":"SearchAction","target":{"@type":"EntryPoint","urlTemplate":"https:\/\/cifar.ca\/fr\/?s={search_term_string}"},"query-input":{"@type":"PropertyValueSpecification","valueRequired":true,"valueName":"search_term_string"}}],"inLanguage":"fr-FR"},{"@type":"Organization","@id":"https:\/\/cifar.ca\/fr\/#organization","name":"CIFAR","url":"https:\/\/cifar.ca\/fr\/","logo":{"@type":"ImageObject","inLanguage":"fr-FR","@id":"https:\/\/cifar.ca\/fr\/#\/schema\/logo\/image\/","url":"https:\/\/cifar.ca\/wp-content\/uploads\/2020\/01\/cifar-logo-rgb-colour.png","contentUrl":"https:\/\/cifar.ca\/wp-content\/uploads\/2020\/01\/cifar-logo-rgb-colour.png","width":1884,"height":681,"caption":"CIFAR"},"image":{"@id":"https:\/\/cifar.ca\/fr\/#\/schema\/logo\/image\/"}}]}},"_links":{"self":[{"href":"https:\/\/cifar.ca\/fr\/wp-json\/wp\/v2\/bio\/60729","targetHints":{"allow":["GET"]}}],"collection":[{"href":"https:\/\/cifar.ca\/fr\/wp-json\/wp\/v2\/bio"}],"about":[{"href":"https:\/\/cifar.ca\/fr\/wp-json\/wp\/v2\/types\/bio"}],"author":[{"embeddable":true,"href":"https:\/\/cifar.ca\/fr\/wp-json\/wp\/v2\/users\/64"}],"version-history":[{"count":0,"href":"https:\/\/cifar.ca\/fr\/wp-json\/wp\/v2\/bio\/60729\/revisions"}],"wp:featuredmedia":[{"embeddable":true,"href":"https:\/\/cifar.ca\/fr\/wp-json\/wp\/v2\/media\/64672"}],"wp:attachment":[{"href":"https:\/\/cifar.ca\/fr\/wp-json\/wp\/v2\/media?parent=60729"}],"wp:term":[{"taxonomy":"appointment_program","embeddable":true,"href":"https:\/\/cifar.ca\/fr\/wp-json\/wp\/v2\/appointment_program?post=60729"},{"taxonomy":"appointment_role","embeddable":true,"href":"https:\/\/cifar.ca\/fr\/wp-json\/wp\/v2\/appointment_role?post=60729"},{"taxonomy":"staff_position","embeddable":true,"href":"https:\/\/cifar.ca\/fr\/wp-json\/wp\/v2\/staff_position?post=60729"},{"taxonomy":"staff_directory","embeddable":true,"href":"https:\/\/cifar.ca\/fr\/wp-json\/wp\/v2\/staff_directory?post=60729"},{"taxonomy":"ai_strategy","embeddable":true,"href":"https:\/\/cifar.ca\/fr\/wp-json\/wp\/v2\/ai_strategy?post=60729"},{"taxonomy":"country","embeddable":true,"href":"https:\/\/cifar.ca\/fr\/wp-json\/wp\/v2\/country?post=60729"},{"taxonomy":"institution","embeddable":true,"href":"https:\/\/cifar.ca\/fr\/wp-json\/wp\/v2\/institution?post=60729"}],"curies":[{"name":"wp","href":"https:\/\/api.w.org\/{rel}","templated":true}]}}

<!-- This site is optimized with the Yoast SEO plugin v27.2 - https://yoast.com/product/yoast-seo-wordpress/ -->
<title>CIFAR</title>
<meta name="robots" content="index, follow, max-snippet:-1, max-image-preview:large, max-video-preview:-1" />
<link rel="canonical" href="https://cifar.ca/fr/biographie/ania-czupajlo/" />
<meta property="og:locale" content="fr_FR" />
<meta property="og:type" content="article" />
<meta property="og:title" content="Ania Czupajlo - CIFAR" />
<meta property="og:url" content="https://cifar.ca/fr/biographie/ania-czupajlo/" />
<meta property="og:site_name" content="CIFAR" />
<meta property="article:modified_time" content="2026-02-19T18:32:42+00:00" />
<meta property="og:image" content="https://cifar.ca/wp-content/uploads/2025/01/03COM_Ania-Czupajlo.png" />
	<meta property="og:image:width" content="900" />
	<meta property="og:image:height" content="900" />
	<meta property="og:image:type" content="image/png" />
<meta name="twitter:card" content="summary_large_image" />
<meta name="twitter:label1" content="Durée de lecture estimée" />
	<meta name="twitter:data1" content="1 minute" />
<script type="application/ld+json" class="yoast-schema-graph">{"@context":"https://schema.org","@graph":[{"@type":"WebPage","@id":"https://cifar.ca/fr/biographie/ania-czupajlo/","url":"https://cifar.ca/fr/biographie/ania-czupajlo/","name":"Ania Czupajlo - CIFAR","isPartOf":{"@id":"https://cifar.ca/fr/#website"},"primaryImageOfPage":{"@id":"https://cifar.ca/fr/biographie/ania-czupajlo/#primaryimage"},"image":{"@id":"https://cifar.ca/fr/biographie/ania-czupajlo/#primaryimage"},"thumbnailUrl":"https://cifar.ca/wp-content/uploads/2025/01/03COM_Ania-Czupajlo.png","datePublished":"2025-01-30T19:21:05+00:00","dateModified":"2026-02-19T18:32:42+00:00","breadcrumb":{"@id":"https://cifar.ca/fr/biographie/ania-czupajlo/#breadcrumb"},"inLanguage":"fr-FR","potentialAction":[{"@type":"ReadAction","target":["https://cifar.ca/fr/biographie/ania-czupajlo/"]}]},{"@type":"ImageObject","inLanguage":"fr-FR","@id":"https://cifar.ca/fr/biographie/ania-czupajlo/#primaryimage","url":"https://cifar.ca/wp-content/uploads/2025/01/03COM_Ania-Czupajlo.png","contentUrl":"https://cifar.ca/wp-content/uploads/2025/01/03COM_Ania-Czupajlo.png","width":900,"height":900},{"@type":"BreadcrumbList","@id":"https://cifar.ca/fr/biographie/ania-czupajlo/#breadcrumb","itemListElement":[{"@type":"ListItem","position":1,"name":"Acceuil","item":"https://cifar.ca/fr/"},{"@type":"ListItem","position":2,"name":"Ania Czupajlo"}]},{"@type":"WebSite","@id":"https://cifar.ca/fr/#website","url":"https://cifar.ca/fr/","name":"CIFAR","description":"Convoquer des esprits extraordinaires pour répondre aux questions les plus importantes auxquelles la science et l'humanité sont confrontées.","publisher":{"@id":"https://cifar.ca/fr/#organization"},"potentialAction":[{"@type":"SearchAction","target":{"@type":"EntryPoint","urlTemplate":"https://cifar.ca/fr/?s={search_term_string}"},"query-input":{"@type":"PropertyValueSpecification","valueRequired":true,"valueName":"search_term_string"}}],"inLanguage":"fr-FR"},{"@type":"Organization","@id":"https://cifar.ca/fr/#organization","name":"CIFAR","url":"https://cifar.ca/fr/","logo":{"@type":"ImageObject","inLanguage":"fr-FR","@id":"https://cifar.ca/fr/#/schema/logo/image/","url":"https://cifar.ca/wp-content/uploads/2020/01/cifar-logo-rgb-colour.png","contentUrl":"https://cifar.ca/wp-content/uploads/2020/01/cifar-logo-rgb-colour.png","width":1884,"height":681,"caption":"CIFAR"},"image":{"@id":"https://cifar.ca/fr/#/schema/logo/image/"}}]}</script>
<!-- / Yoast SEO plugin. -->

Convoquer des esprits extraordinaires pour répondre aux questions les plus importantes auxquelles la science et l'humanité sont confrontées.
